 tens digit of 381669?
6
What is the units digit of 2409019?
9
What is the ten millions digit of 13299731?
1
What is the tens digit of 231790?
9
What is the hundred thousands digit of 269971?
2
What is the hundreds digit of 2759411?
4
What is the hundreds digit of 3325443?
4
What is the thousands digit of 61010?
1
What is the hundred thousands digit of 4925110?
9
What is the tens digit of 449996?
9
What is the units digit of 830847?
7
What is the hundreds digit of 19221062?
0
What is the hundreds digit of 19967150?
1
What is the units digit of 266948?
8
What is the ten thousands digit of 47211?
4
What is the tens digit of 95424?
2
What is the hundred thousands digit of 1086990?
0
What is the hundred thousands digit of 314973?
3
What is the hundred thousands digit of 2868194?
8
What is the tens digit of 263830?
3
What is the units digit of 974646?
6
What is the ten thousands digit of 60760?
6
What is the thousands digit of 784282?
4
What is the ten thousands digit of 375767?
7
What is the units digit of 2985660?
0
What is the hundreds digit of 6734783?
7
What is the hundreds digit of 281668?
6
What is the ten thousands digit of 1082629?
8
What is the units digit of 1742693?
3
What is the units digit of 563644?
4
What is the millions digit of 10858352?
0
What is the ten thousands digit of 7849856?
4
What is the hundred thousands digit of 1056771?
0
What is the hundred thousands digit of 1874428?
8
What is the ten thousands digit of 450668?
5
What is the hundred thousands digit of 183208?
1
What is the ten thousands digit of 1543095?
4
What is the thousands digit of 84960?
4
What is the ten thousands digit of 1816543?
1
What is the tens digit of 179485?
8
What is the ten millions digit of 14280444?
1
What is the tens digit of 10430709?
0
What is the ten thousands digit of 181867?
8
What is the thousands digit of 3467221?
7
What is the thousands digit of 357668?
7
What is the ten millions digit of 26296491?
2
What is the units digit of 5365632?
2
What is the ten thousands digit of 380949?
8
What is the millions digit of 7139650?
7
What is the units digit of 18517136?
6
What is the ten thousands digit of 387130?
8
What is the tens digit of 100211?
1
What is the ten thousands digit of 100857?
0
What is the hundred thousands digit of 243730?
2
What is the thousands digit of 1753765?
3
What is the tens digit of 222465?
6
What is the hundreds digit of 2262899?
8
What is the millions digit of 1341290?
1
What is the hundreds digit of 2127800?
8
What is the thousands digit of 14327705?
7
What is the thousands digit of 425078?
5
What is the tens digit of 321875?
7
What is the ten thousands digit of 17135046?
3
What is the hundreds digit of 60335?
3
What is the thousands digit of 44911?
4
What is the units digit of 350790?
0
What is the ten thousands digit of 854347?
5
What is the tens digit of 9920?
2
What is the tens digit of 1637728?
2
What is the ten thousands digit of 1171122?
7
What is the hundred thousands digit of 8737871?
7
What is the millions digit of 2042171?
2
What is the hundreds digit of 375288?
2
What is the tens digit of 334813?
1
What is the hundreds digit of 4675835?
8
What is the hundred thousands digit of 993386?
9
What is the hundreds digit of 2039747?
7
What is the units digit of 7175103?
3
What is the tens digit of 1133362?
6
What is the tens digit of 106165?
6
What is the ten thousands digit of 512554?
1
What is the units digit of 2469399?
9
What is the tens digit of 641799?
9
What is the units digit of 1047755?
5
What is the hundred thousands digit of 14797999?
7
What is the tens digit of 86619?
1
What is the ten thousands digit of 337835?
3
What is the units digit of 3858666?
6
What is the tens digit of 883225?
2
What is the millions digit of 6646287?
6
What is the units digit of 216827?
7
What is the hundreds digit of 111405?
4
What is the ten thousands digit of 472702?
7
What is the hundred thousands digit of 1692312?
6
What is the thousands digit of 989830?
9
What is the ten thousands digit of 109913?
0
What is the tens digit of 67750?
5
What is the ten millions digit of 10371594?
1
What is the hundred thousands digit of 1753797?
7
What is the millions digit of 1002745?
1
What is the hundred thousands digit of 25677847?
6
What is the millions digit of 6924743?
6
What is the units digit of 1237278?
8
What is the units digit of 56893?
3
What is the thousands digit of 29048964?
8
What is the units digit of 248356?
6
What is the tens digit of 305748?
4
What is the millions digit of 5511137?
5
What is the ten thousands digit of 92147?
9
What is the millions digit of 1253980?
1
What is the thousands digit of 95754?
5
What is the ten thousands digit of 263289?
6
What is the units digit of 7225996?
6
What is the hundreds digit of 7974622?
6
What is the tens digit of 132115?
1
What is the units digit of 14064751?
1
What is the millions digit of 2227341?
2
What is the tens digit of 23211654?
5
What is the millions digit of 1428484?
1
What is the ten thousands digit of 15539741?
3
What is the units digit of 306110?
0
What is the millions digit of 2101923?
2
What is the hundreds digit of 1832645?
6
What is the hundreds digit of 15710978?
9
What is the units digit of 8529994?
4
What is the hundreds digit of 206362?
3
What is the hundreds digit of 1087424?
4
What is the units digit of 190697?
7
What is the hundred thousands digit of 1529265?
5
What is the hundreds digit of 46081?
0
What is the millions digit of 6906946?
6
What is the millions digit of 6260527?
6
What is the thousands digit of 41899?
1
What is the hundreds digit of 211245?
2
What is the thousands digit of 27172?
7
What is the thousands digit of 980515?
0
What is the units digit of 1551611?
1
What is the thousands digit of 11388?
1
What is the hundreds digit of 1201631?
6
What is the hundred thousands digit of 102120?
1
What is the tens digit of 804776?
7
What is the ten thousands digit of 2472142?
7
What is the units digit of 159785?
5
What is the millions digit of 18734983?
8
What is the hundreds digit of 221820?
8
What is the hundred thousands digit of 4974748?
9
What is the hundred thousands digit of 1367762?
3
What is the thousands digit of 95865?
5
What is the hundreds digit of 6857509?
5
What is the hundred thousands digit of 6681138?
6
What is the units digit of 10489087?
7
What is the units digit of 531501?
1
What is the tens digit of 1247379?
7
What is the units digit of 3771132?
2
What is the hundreds digit of 456304?
3
What is the tens digit of 7852772?
7
What is the hundreds digit of 482163?
1
What is the hundreds digit of 281588?
5
What is the ten millions digit of 38793896?
3
What is the hundreds digit of 335305?
3
What is the hundreds digit of 49553?
5
What is the hundreds digit of 166508?
5
What is the hundreds digit of 10954526?
5
What is the hundred thousands digit of 9872551?
8
What is the ten thousands digit of 6870909?
7
What is the hundred thousands digit of 386688?
3
What is the tens digit of 3010958?
5
What is the thousands digit of 6103?
6
What is the units digit of 98918?
8
What is the tens digit of 53114?
1
What is the millions digit of 1050790?
1
What is the ten thousands digit of 216011?
1
What is the thousands digit of 275799?
5
What is the ten thousands digit of 9420462?
2
What is the thousands digit of 1281950?
1
What is the hundreds digit of 1929573?
5
What is the units digit of 6626899?
9
What is the thousands digit of 6779477?
9
What is the ten thousands digit of 7687617?
8
What is the hundred thousands digit of 182451?
1
What is the ten thousands digit of 1485755?
8
What is the ten thousands digit of 1977457?
7
What is the hundreds digit of 9216180?
1
What is the ten millions digit of 18619472?
1
What is the thousands digit of 1634553?
4
What is the hundreds digit of 2079529?
5
What is the millions digit of 1511894?
1
What is the units digit of 413737?
7
What is the ten thousands digit of 761871?
6
What is the ten thousands digit of 1711532?
1
What is the millions digit of 2833649?
2
What is the millions digit of 10279976?
0
What is the thousands digit of 5792?
5
What is the thousands digit of 278749?
8
What is the thousands digit of 1033197?
3
What is the thousands digit of 451767?
1
What is the tens digit of 545308?
0
What is the mil